 256. Calculate the greatest common divisor of 16 and d.
16
Let d be (-60)/(-36) - 4730/(-33). Calculate the highest common divisor of d and 58.
29
Suppose 0 = 4*k + 3*z - 1739, 2*k = -4*z - z + 887. Let g = 899 - k. What is the highest common divisor of 52 and g?
52
Let o = 254 + -180. Let i = o - -28. Calculate the greatest common factor of 170 and i.
34
Let c(z) = z**2 + 2*z - 47. Let v be c(-11). Suppose 0 = 5*t + 5*k - 140, 2*t = -k + v - 0. Calculate the greatest common divisor of 9 and t.
3
Suppose -4*a + 20*a = 105840. Calculate the highest common divisor of a and 35.
35
Suppose 0*a + 120 = -4*a. Let p be (-24)/(-4)*35/(-10)*a. What is the greatest common divisor of 18 and p?
18
Let y = 5653 - 5647. Suppose j + 3*g = -g + 112, -3*g - 675 = -5*j. What is the highest common factor of y and j?
6
Let q be (-31)/(-2) + (-38)/(-76). Calculate the greatest common divisor of 1784 and q.
8
Let q(n) = -2*n**2 + 98*n - 84. Let h be q(48). What is the highest common divisor of 18 and h?
6
Let t = 88 + -56. Let d = 818 + -802. Calculate the greatest common factor of d and t.
16
Let j be ((-26)/(-8))/((-2)/8). Let o = j + 23. Let p be (-2233)/(-55) - 15/25. Calculate the highest common factor of o and p.
10
Suppose 175*j - 38*j - 70560 = -157*j. Calculate the highest common divisor of j and 12120.
120
Let t = -44 + 108. Let q(v) = -11*v - 133. Let l be q(13). Let w = l - -284. Calculate the highest common factor of t and w.
8
Let b = 9413 + -9403. Let s(v) = 2*v + 5*v - 2*v. Let r be s(4). Calculate the greatest common factor of b and r.
10
Let h(z) = -37*z - 266. Let j(c) = -37*c - 265. Let d(f) = 2*h(f) - 3*j(f). Let l be d(-6). What is the greatest common divisor of l and 697?
41
Suppose -5*l + 285 = -2*o - 76, -o = 3. Calculate the highest common factor of 1420 and l.
71
Let h = -1736 + 1830. Calculate the greatest common factor of 1833 and h.
47
Let p(n) = 10*n - 635. Let c(s) = -7*s + 318. Let k(q) = -7*c(q) - 4*p(q). Let u be k(-34). Calculate the highest common divisor of 632 and u.
8
Let g = -57 - -64. Suppose g*x = -7*x + 42. Calculate the highest common divisor of 51 and x.
3
Let o(m) = -8 - 14*m - 5 - 5 + 43*m. Let s be o(12). Let b be (-2)/(-5)*s/3. What is the greatest common factor of 176 and b?
44
Let j(v) = 2068*v - 3896. Let w be j(2). Calculate the greatest common factor of w and 860.
20
Let j be -256*(2 - 5) - 1. Let s = j - 377. Calculate the highest common divisor of 30 and s.
30
Let p = 8682 + -8084. What is the highest common divisor of p and 92?
46
Suppose -h - 5*y + 75 = 0, 0 = 2*h - 0*h + 3*y - 171. Let k(a) = 31*a - 2. Let q = -93 + 95. Let d be k(q). What is the highest common divisor of d and h?
30
Let z = -2680 - -232. Let q be (z/(-27))/((-2)/(-12) + 0). What is the highest common factor of q and 32?
32
Let u(v) = -43*v - 5. Let p be u(-3). Suppose -4*m + 248 + 380 = -4*q, 0 = q + 2. What is the highest common factor of p and m?
31
Suppose 4*a + a + 12 = -3*q, 5*a + 17 = 2*q. Let u be -3*3/q*(-32)/6. Calculate the greatest common factor of 9 and u.
3
Let z(c) = 6*c**2 - 39*c + 4. Let i be z(-15). Let r = i - 1189. Calculate the greatest common divisor of 6 and r.
6
Let y be 1*117 - 39/((-351)/(-63)). Let u(k) = 3*k**2 - 2. Let a be u(2). What is the highest common factor of y and a?
10
Let h = -15 + 26. Let t(q) = 3*q**2 - 397*q - 5389. Let a be t(145). Calculate the highest common factor of h and a.
11
Suppose -203 + 23 = -5*n + 5*o, 2*n - 3*o = 78. Calculate the highest common divisor of n and 570.
30
Let b be 2/6 + 455/3. Suppose -333*l = -46*l + 510*l - 181716. What is the greatest common divisor of l and b?
76
Let k be (-2 - (-128)/(-3))/((-6)/63). Suppose 2*i = 2*m + 2*m + 8, 5*i - 25 = 5*m. Suppose k + 287 = i*j. Calculate the highest common factor of j and 42.
42
Suppose 5*k + h = 3634, -k - h + 714 = -4*h. Suppose -16*w - 253*w = -17754. What is the highest common divisor of w and k?
66
Let a(n) = -30*n - 20. Let g(x) = -52 - 38 + 28*x - x**2 + 29. Let m be g(26). Let q be a(m). What is the greatest common factor of 50 and q?
50
Suppose -85*f + 79*f + 216 = 0. Suppose -858 = f*r - 47*r. What is the greatest common divisor of 858 and r?
78
Suppose 10 = u - 2*g, -12 - 5 = -5*u - g. Suppose 2*v + 132 = -5*o, -u*o + 19 = 3. Let t be 4/14 - v/28. Calculate the greatest common divisor of 15 and t.
3
Let l(a) = -32*a - 284. Let n be l(-21). Calculate the highest common factor of 194 and n.
194
Let h = -8 - -424. What is the greatest common divisor of 128 and h?
32
Suppose -275*b + 4390 = -3238 - 622. Let w = 13 - -37. Calculate the highest common factor of w and b.
10
Let r be 2/8 + (-5502)/(-8). Let d = -8917 + 9003. What is the highest common divisor of r and d?
86
Let u(g) = g + 1. Let q(b) = -b**2 - 11. Let w = -32 - -34. Let f(k) = w*u(k) - q(k). Let x be f(0). What is the highest common factor of x and 52?
13
Let a(t) = -26*t + 572. Let u be a(0). What is the highest common divisor of u and 132?
44
Let v(u) = u**2 - 5. Let m be v(4). Let t = 80 + -61. Let i = t - m. What is the highest common divisor of i and 56?
8
Suppose 0 = -14*r + 21*r - 140. Suppose -l + v + 6 = 2*v, 0 = 5*v - r. Suppose -4*x + 4 = -2*x. Calculate the highest common divisor of l and x.
2
Suppose -336*p + 21615 = -321*p. Calculate the greatest common factor of 2751 and p.
131
Suppose -5*y = 0, -9*y + 10*y = -2*l - 2*y + 296. Calculate the greatest common factor of 3071 and l.
37
Let t be 596*((-804)/(-60) - 13)/((-1)/(-10)). What is the greatest common divisor of 48 and t?
16
Let g = 7864 - 7795. What is the greatest common factor of 1725 and g?
69
Let f be (-156)/(-14) - 3/63*3. Suppose -f = -2*u + 13. Suppose 275 = 6*l - 229. What is the highest common divisor of l and u?
12
Let w be (4 - -1 - 1) + -1. Let o be 32 - (0 - 1)/(w - 2). Let y = o - 21. Calculate the highest common divisor of 132 and y.
12
Let b(o) = 27*o**3 + 5*o**2 - 11*o + 5. Let y be b(1). Suppose -5*m + 80 = 5*n, -2*m - 19*n + 14*n = -y. Calculate the highest common factor of m and 117.
9
Let g(d) = -d - 5. Let a be g(-11). Suppose 11*k - a*k = 30. Let q(c) = 11*c - 10. Let f be q(k). What is the highest common factor of f and 14?
14
Suppose 4 = -4*i + 5*w, 3*i - 2 - 6 = w. Let n = 220 + -156. What is the highest common factor of n and i?
4
Suppose 0 = 5*c + 4*f - 320, -5*c + c = 4*f - 260. Calculate the highest common factor of 135 and c.
15
Suppose 3*n - v + 106 = 4*n, -n + 5*v = -118. What is the greatest common factor of n and 3402?
54
Let r be 1*(2 + 7) - 4. Let a(l) = -l**2 - 2*l + 10. Let j be a(r). Let n be (-1)/3 + j/(-3). What is the greatest common divisor of n and 8?
8
Let z = -18 + 13. Let o(l) = 2*l**2 + 9*l + 16. Let w be o(z). Suppose -15 = -4*u + w. What is the highest common divisor of u and 9?
9
Let l = -557 - -650. Let o = -73 + 104. Calculate the highest common divisor of o and l.
31
Let f = -41 + 73. Suppose 31546 - 7418 = 155*b + 599*b. Calculate the greatest common divisor of b and f.
32
Let x(c) = -177*c**3 - 30*c**2 - 67*c - 5. Let t be x(-2). What is the highest common factor of 45 and t?
15
Let k = 8 - -2. Let c(r) = -2*r**2 + 17*r - 30. Let p be c(k). Let t = p + 73. Calculate the greatest common divisor of t and 52.
13
Let r be (11 + -10)*3 + (-6)/3. Let w be 2*(0 + (1 - -2)). Suppose 0 = w*y - 55 + r. Calculate the greatest common divisor of 81 and y.
9
Let p = -81 + 167. Suppose -3*c + 3*j + 267 = 0, -3*j - j = -c + p. Suppose -3 = 3*q - 57. Calculate the greatest common divisor of q and c.
18
Let q = 527 + 1185. Calculate the highest common divisor of 32 and q.
16
Let p = -2564 - -2732. Calculate the highest common factor of 1016 and p.
8
Suppose -5*j + 4*n + 119 - 22 = 0, -73 = -5*j - 4*n. What is the greatest common factor of j and 7225?
17
Let i be (-1 - -2) + (15 - 2). Let p(h) = 71*h + 55. Let u be p(-1). Let a be -6 - (-432)/u*1*-1. What is the highest common divisor of i and a?
7
Let y = -454 - -1575. Calculate the highest common factor of y and 118.
59
Suppose -11 = -8*i + 29. Let x be ((-2860)/(-12))/i*3. Suppose 0 = 4*n - 3*n - 13. Calculate the greatest common factor of x and n.
13
Let x = -306 + 524. Let v = x + -185. Calculate the greatest common factor of 22 and v.
11
Suppose -10*o + 1830 + 2330 = 0. Let b = o + -212. C